{"id":929,"date":"2015-07-02T15:44:56","date_gmt":"2015-07-02T14:44:56","guid":{"rendered":"http:\/\/theme-fusion.com\/avada\/law-xml\/?page_id=929"},"modified":"2026-02-18T15:21:03","modified_gmt":"2026-02-18T14:21:03","slug":"apropos","status":"publish","type":"page","link":"https:\/\/fondsdusport.ch\/accueil\/apropos\/","title":{"rendered":"\u00c0 propos"},"content":{"rendered":"<div class=\"fusion-fullwidth fullwidth-box fusion-fullwidth-1  fusion-parallax-none nonhundred-percent-fullwidth\" style=\"border-color:#eae9e9;border-bottom-width: 0px;border-top-width: 0px;border-bottom-style: solid;border-top-style: solid;padding-bottom:20px;padding-top:0px;padding-left:0px;padding-right:0px;\"><style type=\"text\/css\" scoped=\"scoped\">.fusion-fullwidth-1 {\r\n                            padding-left: 0px !important;\r\n                            padding-right: 0px !important;\r\n                        }<\/style><div class=\"fusion-row\"><div class=\"fusion-sep-clear\"><\/div><div class=\"fusion-separator fusion-full-width-sep sep-single\" style=\"border-color:#ff8800;border-top-width:5px;margin-left: auto;margin-right: auto;margin-top:px;\"><\/div><div class=\"fusion-one-full fusion-layout-column fusion-column-last fusion-spacing-yes green-border rounded-border\" style=\"margin-top:0px;margin-bottom:20px;\"><div class=\"fusion-column-wrapper\" style=\"background-color:#ffffff;border:1px solid #e2e2e2;padding:10px 30px 0px;;\"><h4 style=\"text-align: center;\"><\/h4>\n<h4 style=\"text-align: center;\"><strong>FONDS DU SPORT<\/strong><\/h4>\n<p>Le Fonds du sport est aliment\u00e9 chaque ann\u00e9e par la part des b\u00e9n\u00e9fices de la Loterie Romande destin\u00e9e au Canton de Gen\u00e8ve. Les soutiens financiers octroy\u00e9s aux sportifs et aux organisations sportives du canton permettent de soutenir la pratique du sport \u00e0 Gen\u00e8ve dans les domaines du sport associatif, de la promotion de la rel\u00e8ve, du sport d\u2019\u00e9lite, du sport handicap, des manifestations et des projets li\u00e9s au sport.<\/p>\n<div class=\"fusion-clearfix\"><\/div><\/div><\/div><div class=\"fusion-clearfix\"><\/div><div class=\"fusion-sep-clear\"><\/div><div class=\"fusion-separator fusion-full-width-sep sep-none\" style=\"border-color:#e0dede;margin-left: auto;margin-right: auto;margin-top:25px;\"><\/div><div class=\"fusion-one-half fusion-layout-column fusion-spacing-yes rounded-border\" style=\"margin-top:0px;margin-bottom:20px;\"><div class=\"fusion-column-wrapper\" style=\"background-color:#ffffff;border-top:5px solid #ff8800;padding:10px 60px 0px;;\"><h4 style=\"text-align: center;\"><strong>LA COMMISSION<\/strong><\/h4>\n<div>\n<p>La commission cantonale d&rsquo;aide au sport est une commission officielle du Canton de Gen\u00e8ve dont les membres sont nomm\u00e9s par le Conseil d&rsquo;Etat. Elle est charg\u00e9e de transmettre au Conseil d\u2019Etat les propositions de contributions aux diff\u00e9rents b\u00e9n\u00e9ficiaires du Fonds du sport.<\/p>\n<ul>\n<li>Fr\u00e9d\u00e9ric Renevey, pr\u00e9sident<\/li>\n<li>Aur\u00e8le M\u00fcller, vice-pr\u00e9sident<\/li>\n<li>Laurent Berney, membre<\/li>\n<li>Peter De Cruz, membre<\/li>\n<li>Emily Dottrens, membre<\/li>\n<li>Sophie Mottu Morel, membre<\/li>\n<li>Isabelle M\u00fcller-Stress, membre<\/li>\n<li>Julie Nikles, membre<\/li>\n<li>Swann Oberson, membre<\/li>\n<li>Isabelle Roch-Pentucci, membre<\/li>\n<li>Massimiliano Tschabuschnig, membre<\/li>\n<\/ul>\n<\/div>\n<div class=\"fusion-clearfix\"><\/div><\/div><\/div><div class=\"fusion-one-half fusion-layout-column fusion-column-last fusion-spacing-yes rounded-border\" style=\"margin-top:0px;margin-bottom:20px;\"><div class=\"fusion-column-wrapper\" style=\"background-color:#ffffff;border-top:5px solid #ff8800;padding:10px 60px 0px;;\"><h4 style=\"text-align: center;\"><strong>BASES LEGALES<\/strong><\/h4>\n<p>Le Fonds du sport est r\u00e9gi par la loi sur le sport (C1 50), le r\u00e8glement sur l\u2019aide au sport (I 3 15.9), la loi et le r\u00e8glement sur les commissions officielles (A2 20, A2 20.01). Un r\u00e8glement interne de la commission et une directive d\u2019attribution, valid\u00e9s par le Conseiller d\u2019Etat charg\u00e9 du DCS, compl\u00e8tent ce dispositif.<\/p>\n<ul>\n<li style=\"list-style-type: none;\">\n<ul>\n<li><a href=\"https:\/\/www.lexfind.ch\/tolv\/180306\/fr#:~:text=Art.,-19%20Sport%20handicap&amp;text=Le%20canton%20et%20les%20communes%20encouragent%20la%20pratique%20des%20activit%C3%A9s,%C3%A9lite%20et%20des%20manifestations%20sportives.\" target=\"_blank\" rel=\"noopener noreferrer\">Loi sur le sport (C1 50)\u00a0<\/a><\/li>\n<li><a href=\"https:\/\/silgeneve.ch\/legis\/data\/rsg_i3_15p09.htm?myVer=1643979599082\" target=\"_blank\" rel=\"noopener noreferrer\">R\u00e8glement sur l\u2019aide au sport (I3 15.09)<\/a><\/li>\n<li><a href=\"https:\/\/www.ge.ch\/legislation\/rsg\/f\/s\/rsg_a2_20.html\">Loi cantonale sur les commissions officielles (A2 20)<\/a><\/li>\n<li><a href=\"https:\/\/www.lexfind.ch\/tolv\/169538\/fr#:~:text=Art.,-9%20Devoirs%20g%C3%A9n%C3%A9raux&amp;text=1%20Les%20commissaires%20sont%20tenus,que%20par%20leur%20comportement%20g%C3%A9n%C3%A9ral.\">R\u00e8glement cantonal sur les commissions officielles (A2 20.01)<\/a><\/li>\n<li><a href=\"https:\/\/fondsdusport.ch\/accueil\/wp-content\/uploads\/2026\/01\/1.-2026_Reglement-interne_approuve-DCS_Vdef.pdf\">R\u00e8glement interne<\/a><\/li>\n<li><a href=\"https:\/\/fondsdusport.ch\/accueil\/wp-content\/uploads\/2026\/01\/2.-2026_Directive_Attribution_approuve-DCS_Vdef.pdf\">Directive d\u2019attribution contribution<\/a><\/li>\n<\/ul>\n<\/li>\n<\/ul>\n<p>&nbsp;<\/p>\n<div class=\"fusion-sep-clear\"><\/div><div class=\"fusion-separator fusion-full-width-sep sep-none\" style=\"border-color:#e0dede;margin-left: auto;margin-right: auto;margin-top:90px;\"><\/div><div class=\"fusion-clearfix\"><\/div><\/div><\/div><div class=\"fusion-clearfix\"><\/div><div class=\"fusion-sep-clear\"><\/div><div class=\"fusion-separator fusion-full-width-sep sep-none\" style=\"border-color:#e0dede;margin-left: auto;margin-right: auto;margin-top:25px;\"><\/div><div class=\"fusion-one-half fusion-layout-column fusion-spacing-yes rounded-border\" style=\"margin-top:0px;margin-bottom:20px;\"><div class=\"fusion-column-wrapper\" style=\"background-color:#ffffff;border-top:5px solid #ff8800;padding:10px 60px 0px;;\"><h4 style=\"text-align: center;\"><strong>RAPPORT D&rsquo;ACTIVITE<\/strong><\/h4>\n<p>Chaque ann\u00e9e, un montant global de plus de 6 millions de francs de contributions du Fonds du sport est attribu\u00e9 par le Conseil d\u2019Etat aux organisations et aux sportifs du canton. Chaque exercice fait l\u2019objet depuis 2012 d\u2019un rapport d\u2019activit\u00e9.<\/p>\n<ul>\n<li><a href=\"https:\/\/fondsdusport.ch\/accueil\/wp-content\/uploads\/2025\/09\/FDS-rapport-2024-LIGHT.pdf\">Rapport d&rsquo;activit\u00e9 2024<\/a><\/li>\n<li><a href=\"https:\/\/fondsdusport.ch\/accueil\/wp-content\/uploads\/2024\/09\/fds_rapport_2023_WEB-avec-compression.pdf\">Rapport d&rsquo;activit\u00e9 2023<\/a><\/li>\n<li><a href=\"https:\/\/fondsdusport.ch\/accueil\/wp-content\/uploads\/2023\/08\/fds_rapport_2022_FULL-V3-avec-compression.pdf\">Rapport d&rsquo;activit\u00e9 2022<\/a><\/li>\n<li><a href=\"https:\/\/fondsdusport.ch\/accueil\/wp-content\/uploads\/2022\/07\/fds_rapport_2021_v3-avec-compression_vdef.pdf\">Rapport d&rsquo;activit\u00e9 2021<\/a><\/li>\n<li><a href=\"https:\/\/fondsdusport.ch\/accueil\/wp-content\/uploads\/2022\/08\/occsa_rapport_covid_2021_V1.pdf\">Fonds Covid-sport &#8211; contributions 2021<\/a><\/li>\n<li><a href=\"https:\/\/fondsdusport.ch\/accueil\/wp-content\/uploads\/2021\/07\/occsa_rapport_covid_v3-min.pdf\">Fonds Covid-sport &#8211; contributions 2020<\/a><\/li>\n<li><a href=\"https:\/\/fondsdusport.ch\/accueil\/wp-content\/uploads\/2021\/10\/fds_rapport_2020_complet-final_light.pdf\">Rapport d&rsquo;activit\u00e9 2020<\/a><\/li>\n<li><a href=\"https:\/\/fondsdusport.ch\/accueil\/wp-content\/uploads\/2020\/07\/fds_rapport_2019_final_v5.pdf\">Rapport d&rsquo;activit\u00e9 2019<\/a><\/li>\n<li><a href=\"https:\/\/fondsdusport.ch\/accueil\/wp-content\/uploads\/2019\/06\/rapport2018_final_v2_compressed.pdf\" target=\"_blank\" rel=\"noopener noreferrer\">Rapport d&rsquo;activit\u00e9 2018<\/a><\/li>\n<li><a href=\"https:\/\/fondsdusport.ch\/accueil\/wp-content\/uploads\/2018\/08\/fds_rapport_2017_final_web..pdf\">Rapport d&rsquo;activit\u00e9 2017<\/a><\/li>\n<li><a href=\"https:\/\/fondsdusport.ch\/accueil\/wp-content\/uploads\/2015\/07\/fds_rapport_2016.pdf\" target=\"_blank\" rel=\"noopener noreferrer\">Rapport d&rsquo;activit\u00e9 2016<\/a><\/li>\n<li><a href=\"https:\/\/fondsdusport.ch\/accueil\/wp-content\/uploads\/2015\/07\/22.01_rapport2015.pdf\" target=\"_blank\" rel=\"noopener noreferrer\">Rapport d\u2019activit\u00e9 2015<\/a><\/li>\n<li><a href=\"https:\/\/fondsdusport.ch\/accueil\/wp-content\/uploads\/2015\/07\/rapport-2014.pdf\" target=\"_blank\" rel=\"noopener noreferrer\">Rapport d&rsquo;activit\u00e9 2014<\/a><\/li>\n<li><a href=\"https:\/\/fondsdusport.ch\/accueil\/wp-content\/uploads\/2015\/07\/rapport-2013.pdf\" target=\"_blank\" rel=\"noopener noreferrer\">Rapport d&rsquo;activit\u00e9 2013<\/a><\/li>\n<li><a href=\"https:\/\/fondsdusport.ch\/accueil\/wp-content\/uploads\/2015\/07\/rapport-activite-2012-fonds-cantonal-aide-au-sport.pdf\" target=\"_blank\" rel=\"noopener noreferrer\">Rapport d&rsquo;activite 2012<\/a><\/li>\n<\/ul>\n<div class=\"fusion-clearfix\"><\/div><\/div><\/div><div class=\"fusion-one-half fusion-layout-column fusion-column-last fusion-spacing-yes rounded-border\" style=\"margin-top:0px;margin-bottom:20px;\"><div class=\"fusion-column-wrapper\" style=\"background-color:#ffffff;border-top:5px solid #ff8800;padding:10px 60px 0px;;\"><h4 style=\"text-align: center;\"><strong>TELECHARGEMENTS<\/strong><\/h4>\n<ul>\n<li>T\u00e9l\u00e9charger le logo du Fonds du sport:\n<ul>\n<li>Supports digitaux positifs : \u00a0<a href=\"https:\/\/fondsdusport.ch\/accueil\/wp-content\/uploads\/2025\/06\/GE-Sport-Positif-RVB-scaled.png\">png<\/a><\/li>\n<li>Support digitaux n\u00e9gatifs : <a href=\"https:\/\/fondsdusport.ch\/accueil\/wp-content\/uploads\/2025\/06\/GE-Sport-Negatif-RVB-scaled.png\">png<\/a><\/li>\n<li>Supports imprim\u00e9s positifs : <a href=\"https:\/\/fondsdusport.ch\/accueil\/wp-content\/uploads\/2025\/06\/GE-Sport-Positif-CMJN-scaled.png\">png<\/a><\/li>\n<li>Supports imprim\u00e9s n\u00e9gatifs : <a href=\"https:\/\/fondsdusport.ch\/accueil\/wp-content\/uploads\/2025\/06\/GE-Sport-Negatif-CMJN-scaled.png\">png<\/a><\/li>\n<li>Supports noirs et blancs : <a href=\"https:\/\/fondsdusport.ch\/accueil\/wp-content\/uploads\/2026\/02\/GE-sport-noirblanc-scaled.png\">png<\/a> \/ <a href=\"https:\/\/fondsdusport.ch\/accueil\/wp-content\/uploads\/2026\/02\/GE-sport-NB-fond-transparent-scaled.png\">png-fond-transparent<\/a><\/li>\n<li>Pour obtenir d&rsquo;autres versions du logo veuillez vous adresser \u00e0 <a href=\"mailto:communication@fondsdusport.ch\">communication@fondsdusport.ch<\/a><\/li>\n<\/ul>\n<\/li>\n<\/ul>\n<h4 style=\"text-align: center;\"><strong>LIENS<\/strong><\/h4>\n<ul>\n<li><a href=\"http:\/\/ge.ch\/sport\/\" target=\"_blank\" rel=\"noopener noreferrer\">Office cantonal de la culture et du sport<\/a><\/li>\n<li><a href=\"https:\/\/www.loro.ch\/fr\" target=\"_blank\" rel=\"noopener noreferrer\">Loterie Romande<\/a><\/li>\n<li><a href=\"https:\/\/www.entraide.ch\/fr\/geneve\/accueil\" target=\"_blank\" rel=\"noopener noreferrer\">Organe genevois de r\u00e9partition des b\u00e9n\u00e9fices de la Loterie Romande (autres domaines que le sport)<\/a><\/li>\n<\/ul>\n<div class=\"fusion-clearfix\"><\/div><\/div><\/div><div class=\"fusion-clearfix\"><\/div><div class=\"fusion-sep-clear\"><\/div><div class=\"fusion-separator fusion-full-width-sep sep-none\" style=\"border-color:#e0dede;margin-left: auto;margin-right: auto;margin-top:25px;\"><\/div><\/div><\/div>\n","protected":false},"excerpt":{"rendered":"","protected":false},"author":1,"featured_media":0,"parent":0,"menu_order":0,"comment_status":"closed","ping_status":"closed","template":"100-width.php","meta":{"footnotes":""},"class_list":["post-929","page","type-page","status-publish","hentry"],"_links":{"self":[{"href":"https:\/\/fondsdusport.ch\/accueil\/wp-json\/wp\/v2\/pages\/929","targetHints":{"allow":["GET"]}}],"collection":[{"href":"https:\/\/fondsdusport.ch\/accueil\/wp-json\/wp\/v2\/pages"}],"about":[{"href":"https:\/\/fondsdusport.ch\/accueil\/wp-json\/wp\/v2\/types\/page"}],"author":[{"embeddable":true,"href":"https:\/\/fondsdusport.ch\/accueil\/wp-json\/wp\/v2\/users\/1"}],"replies":[{"embeddable":true,"href":"https:\/\/fondsdusport.ch\/accueil\/wp-json\/wp\/v2\/comments?post=929"}],"version-history":[{"count":187,"href":"https:\/\/fondsdusport.ch\/accueil\/wp-json\/wp\/v2\/pages\/929\/revisions"}],"predecessor-version":[{"id":5960,"href":"https:\/\/fondsdusport.ch\/accueil\/wp-json\/wp\/v2\/pages\/929\/revisions\/5960"}],"wp:attachment":[{"href":"https:\/\/fondsdusport.ch\/accueil\/wp-json\/wp\/v2\/media?parent=929"}],"curies":[{"name":"wp","href":"https:\/\/api.w.org\/{rel}","templated":true}]}}

À propos

<div class="fusion-fullwidth fullwidth-box fusion-fullwidth-1  fusion-parallax-none nonhundred-percent-fullwidth" style="border-color:#eae9e9;border-bottom-width: 0px;border-top-width: 0px;border-bottom-style: solid;border-top-style: solid;padding-bottom:20px;padding-top:0px;padding-left:0px;padding-right:0px;"><style type="text/css" scoped="scoped">.fusion-fullwidth-1 {
                            padding-left: 0px !important;
                            padding-right: 0px !important;
                        }</style><div class="fusion-row"><div class="fusion-sep-clear"></div><div class="fusion-separator fusion-full-width-sep sep-single" style="border-color:#ff8800;border-top-width:5px;margin-left: auto;margin-right: auto;margin-top:px;"></div><div class="fusion-one-full fusion-layout-column fusion-column-last fusion-spacing-yes green-border rounded-border" style="margin-top:0px;margin-bottom:20px;"><div class="fusion-column-wrapper" style="background-color:#ffffff;border:1px solid #e2e2e2;padding:10px 30px 0px;;"><h4 style="text-align: center;"></h4>
<h4 style="text-align: center;"><strong>FONDS DU SPORT</strong></h4>
<p>Le Fonds du sport est alimenté chaque année par la part des bénéfices de la Loterie Romande destinée au Canton de Genève. Les soutiens financiers octroyés aux sportifs et aux organisations sportives du canton permettent de soutenir la pratique du sport à Genève dans les domaines du sport associatif, de la promotion de la relève, du sport d’élite, du sport handicap, des manifestations et des projets liés au sport.</p>
<div class="fusion-clearfix"></div></div></div><div class="fusion-clearfix"></div><div class="fusion-sep-clear"></div><div class="fusion-separator fusion-full-width-sep sep-none" style="border-color:#e0dede;margin-left: auto;margin-right: auto;margin-top:25px;"></div><div class="fusion-one-half fusion-layout-column fusion-spacing-yes rounded-border" style="margin-top:0px;margin-bottom:20px;"><div class="fusion-column-wrapper" style="background-color:#ffffff;border-top:5px solid #ff8800;padding:10px 60px 0px;;"><h4 style="text-align: center;"><strong>LA COMMISSION</strong></h4>
<div>
<p>La commission cantonale d&rsquo;aide au sport est une commission officielle du Canton de Genève dont les membres sont nommés par le Conseil d&rsquo;Etat. Elle est chargée de transmettre au Conseil d’Etat les propositions de contributions aux différents bénéficiaires du Fonds du sport.</p>
<ul>
<li>Frédéric Renevey, président</li>
<li>Aurèle Müller, vice-président</li>
<li>Laurent Berney, membre</li>
<li>Peter De Cruz, membre</li>
<li>Emily Dottrens, membre</li>
<li>Sophie Mottu Morel, membre</li>
<li>Isabelle Müller-Stress, membre</li>
<li>Julie Nikles, membre</li>
<li>Swann Oberson, membre</li>
<li>Isabelle Roch-Pentucci, membre</li>
<li>Massimiliano Tschabuschnig, membre</li>
</ul>
</div>
<div class="fusion-clearfix"></div></div></div><div class="fusion-one-half fusion-layout-column fusion-column-last fusion-spacing-yes rounded-border" style="margin-top:0px;margin-bottom:20px;"><div class="fusion-column-wrapper" style="background-color:#ffffff;border-top:5px solid #ff8800;padding:10px 60px 0px;;"><h4 style="text-align: center;"><strong>BASES LEGALES</strong></h4>
<p>Le Fonds du sport est régi par la loi sur le sport (C1 50), le règlement sur l’aide au sport (I 3 15.9), la loi et le règlement sur les commissions officielles (A2 20, A2 20.01). Un règlement interne de la commission et une directive d’attribution, validés par le Conseiller d’Etat chargé du DCS, complètent ce dispositif.</p>
<ul>
<li style="list-style-type: none;">
<ul>
<li><a href="https://www.lexfind.ch/tolv/180306/fr#:~:text=Art.,-19%20Sport%20handicap&amp;text=Le%20canton%20et%20les%20communes%20encouragent%20la%20pratique%20des%20activit%C3%A9s,%C3%A9lite%20et%20des%20manifestations%20sportives." target="_blank" rel="noopener noreferrer">Loi sur le sport (C1 50) </a></li>
<li><a href="https://silgeneve.ch/legis/data/rsg_i3_15p09.htm?myVer=1643979599082" target="_blank" rel="noopener noreferrer">Règlement sur l’aide au sport (I3 15.09)</a></li>
<li><a href="https://www.ge.ch/legislation/rsg/f/s/rsg_a2_20.html">Loi cantonale sur les commissions officielles (A2 20)</a></li>
<li><a href="https://www.lexfind.ch/tolv/169538/fr#:~:text=Art.,-9%20Devoirs%20g%C3%A9n%C3%A9raux&amp;text=1%20Les%20commissaires%20sont%20tenus,que%20par%20leur%20comportement%20g%C3%A9n%C3%A9ral.">Règlement cantonal sur les commissions officielles (A2 20.01)</a></li>
<li><a href="https://fondsdusport.ch/accueil/wp-content/uploads/2026/01/1.-2026_Reglement-interne_approuve-DCS_Vdef.pdf">Règlement interne</a></li>
<li><a href="https://fondsdusport.ch/accueil/wp-content/uploads/2026/01/2.-2026_Directive_Attribution_approuve-DCS_Vdef.pdf">Directive d’attribution contribution</a></li>
</ul>
</li>
</ul>
<p>&nbsp;</p>
<div class="fusion-sep-clear"></div><div class="fusion-separator fusion-full-width-sep sep-none" style="border-color:#e0dede;margin-left: auto;margin-right: auto;margin-top:90px;"></div><div class="fusion-clearfix"></div></div></div><div class="fusion-clearfix"></div><div class="fusion-sep-clear"></div><div class="fusion-separator fusion-full-width-sep sep-none" style="border-color:#e0dede;margin-left: auto;margin-right: auto;margin-top:25px;"></div><div class="fusion-one-half fusion-layout-column fusion-spacing-yes rounded-border" style="margin-top:0px;margin-bottom:20px;"><div class="fusion-column-wrapper" style="background-color:#ffffff;border-top:5px solid #ff8800;padding:10px 60px 0px;;"><h4 style="text-align: center;"><strong>RAPPORT D&rsquo;ACTIVITE</strong></h4>
<p>Chaque année, un montant global de plus de 6 millions de francs de contributions du Fonds du sport est attribué par le Conseil d’Etat aux organisations et aux sportifs du canton. Chaque exercice fait l’objet depuis 2012 d’un rapport d’activité.</p>
<ul>
<li><a href="https://fondsdusport.ch/accueil/wp-content/uploads/2025/09/FDS-rapport-2024-LIGHT.pdf">Rapport d&rsquo;activité 2024</a></li>
<li><a href="https://fondsdusport.ch/accueil/wp-content/uploads/2024/09/fds_rapport_2023_WEB-avec-compression.pdf">Rapport d&rsquo;activité 2023</a></li>
<li><a href="https://fondsdusport.ch/accueil/wp-content/uploads/2023/08/fds_rapport_2022_FULL-V3-avec-compression.pdf">Rapport d&rsquo;activité 2022</a></li>
<li><a href="https://fondsdusport.ch/accueil/wp-content/uploads/2022/07/fds_rapport_2021_v3-avec-compression_vdef.pdf">Rapport d&rsquo;activité 2021</a></li>
<li><a href="https://fondsdusport.ch/accueil/wp-content/uploads/2022/08/occsa_rapport_covid_2021_V1.pdf">Fonds Covid-sport &#8211; contributions 2021</a></li>
<li><a href="https://fondsdusport.ch/accueil/wp-content/uploads/2021/07/occsa_rapport_covid_v3-min.pdf">Fonds Covid-sport &#8211; contributions 2020</a></li>
<li><a href="https://fondsdusport.ch/accueil/wp-content/uploads/2021/10/fds_rapport_2020_complet-final_light.pdf">Rapport d&rsquo;activité 2020</a></li>
<li><a href="https://fondsdusport.ch/accueil/wp-content/uploads/2020/07/fds_rapport_2019_final_v5.pdf">Rapport d&rsquo;activité 2019</a></li>
<li><a href="https://fondsdusport.ch/accueil/wp-content/uploads/2019/06/rapport2018_final_v2_compressed.pdf" target="_blank" rel="noopener noreferrer">Rapport d&rsquo;activité 2018</a></li>
<li><a href="https://fondsdusport.ch/accueil/wp-content/uploads/2018/08/fds_rapport_2017_final_web..pdf">Rapport d&rsquo;activité 2017</a></li>
<li><a href="https://fondsdusport.ch/accueil/wp-content/uploads/2015/07/fds_rapport_2016.pdf" target="_blank" rel="noopener noreferrer">Rapport d&rsquo;activité 2016</a></li>
<li><a href="https://fondsdusport.ch/accueil/wp-content/uploads/2015/07/22.01_rapport2015.pdf" target="_blank" rel="noopener noreferrer">Rapport d’activité 2015</a></li>
<li><a href="https://fondsdusport.ch/accueil/wp-content/uploads/2015/07/rapport-2014.pdf" target="_blank" rel="noopener noreferrer">Rapport d&rsquo;activité 2014</a></li>
<li><a href="https://fondsdusport.ch/accueil/wp-content/uploads/2015/07/rapport-2013.pdf" target="_blank" rel="noopener noreferrer">Rapport d&rsquo;activité 2013</a></li>
<li><a href="https://fondsdusport.ch/accueil/wp-content/uploads/2015/07/rapport-activite-2012-fonds-cantonal-aide-au-sport.pdf" target="_blank" rel="noopener noreferrer">Rapport d&rsquo;activite 2012</a></li>
</ul>
<div class="fusion-clearfix"></div></div></div><div class="fusion-one-half fusion-layout-column fusion-column-last fusion-spacing-yes rounded-border" style="margin-top:0px;margin-bottom:20px;"><div class="fusion-column-wrapper" style="background-color:#ffffff;border-top:5px solid #ff8800;padding:10px 60px 0px;;"><h4 style="text-align: center;"><strong>TELECHARGEMENTS</strong></h4>
<ul>
<li>Télécharger le logo du Fonds du sport:
<ul>
<li>Supports digitaux positifs :  <a href="https://fondsdusport.ch/accueil/wp-content/uploads/2025/06/GE-Sport-Positif-RVB-scaled.png">png</a></li>
<li>Support digitaux négatifs : <a href="https://fondsdusport.ch/accueil/wp-content/uploads/2025/06/GE-Sport-Negatif-RVB-scaled.png">png</a></li>
<li>Supports imprimés positifs : <a href="https://fondsdusport.ch/accueil/wp-content/uploads/2025/06/GE-Sport-Positif-CMJN-scaled.png">png</a></li>
<li>Supports imprimés négatifs : <a href="https://fondsdusport.ch/accueil/wp-content/uploads/2025/06/GE-Sport-Negatif-CMJN-scaled.png">png</a></li>
<li>Supports noirs et blancs : <a href="https://fondsdusport.ch/accueil/wp-content/uploads/2026/02/GE-sport-noirblanc-scaled.png">png</a> / <a href="https://fondsdusport.ch/accueil/wp-content/uploads/2026/02/GE-sport-NB-fond-transparent-scaled.png">png-fond-transparent</a></li>
<li>Pour obtenir d&rsquo;autres versions du logo veuillez vous adresser à <a href="mailto:communication@fondsdusport.ch">communication@fondsdusport.ch</a></li>
</ul>
</li>
</ul>
<h4 style="text-align: center;"><strong>LIENS</strong></h4>
<ul>
<li><a href="http://ge.ch/sport/" target="_blank" rel="noopener noreferrer">Office cantonal de la culture et du sport</a></li>
<li><a href="https://www.loro.ch/fr" target="_blank" rel="noopener noreferrer">Loterie Romande</a></li>
<li><a href="https://www.entraide.ch/fr/geneve/accueil" target="_blank" rel="noopener noreferrer">Organe genevois de répartition des bénéfices de la Loterie Romande (autres domaines que le sport)</a></li>
</ul>
<div class="fusion-clearfix"></div></div></div><div class="fusion-clearfix"></div><div class="fusion-sep-clear"></div><div class="fusion-separator fusion-full-width-sep sep-none" style="border-color:#e0dede;margin-left: auto;margin-right: auto;margin-top:25px;"></div></div></div>
